hen 2507 is divided by 114.
113
What is the remainder when 25 is divided by 7?
4
What is the remainder when 1075 is divided by 54?
49
What is the remainder when 844 is divided by 207?
16
Calculate the remainder when 1855 is divided by 64.
63
What is the remainder when 208 is divided by 66?
10
What is the remainder when 2034 is divided by 183?
21
What is the remainder when 14 is divided by 13?
1
What is the remainder when 8248 is divided by 55?
53
What is the remainder when 367 is divided by 8?
7
What is the remainder when 31 is divided by 11?
9
Calculate the remainder when 206 is divided by 89.
28
Calculate the remainder when 130 is divided by 33.
31
What is the remainder when 1885 is divided by 135?
130
Calculate the remainder when 456 is divided by 93.
84
What is the remainder when 215 is divided by 55?
50
Calculate the remainder when 1864 is divided by 64.
8
Calculate the remainder when 304 is divided by 77.
73
Calculate the remainder when 976 is divided by 14.
10
What is the remainder when 1673 is divided by 13?
9
Calculate the remainder when 133 is divided by 34.
31
What is the remainder when 2410 is divided by 23?
18
What is the remainder when 17722 is divided by 12?
10
Calculate the remainder when 1045 is divided by 150.
145
What is the remainder when 116 is divided by 23?
1
Calculate the remainder when 2952 is divided by 29.
23
What is the remainder when 8132 is divided by 98?
96
What is the remainder when 159 is divided by 84?
75
What is the remainder when 197 is divided by 22?
21
Calculate the remainder when 336 is divided by 73.
44
What is the remainder when 2857 is divided by 11?
8
Calculate the remainder when 1672 is divided by 332.
12
Calculate the remainder when 1510 is divided by 18.
16
Calculate the remainder when 616 is divided by 13.
5
What is the remainder when 204 is divided by 23?
20
What is the remainder when 299 is divided by 99?
2
What is the remainder when 1033 is divided by 106?
79
What is the remainder when 242 is divided by 85?
72
Calculate the remainder when 83 is divided by 50.
33
Calculate the remainder when 405 is divided by 12.
9
What is the remainder when 46 is divided by 33?
13
What is the remainder when 1117 is divided by 159?
4
Calculate the remainder when 8 is divided by 8.
0
Calculate the remainder when 49 is divided by 17.
15
What is the remainder when 568 is divided by 48?
40
What is the remainder when 152 is divided by 52?
48
Calculate the remainder when 797 is divided by 38.
37
What is the remainder when 3652 is divided by 1213?
13
What is the remainder when 2953 is divided by 326?
19
What is the remainder when 44 is divided by 18?
8
What is the remainder when 440 is divided by 89?
84
Calculate the remainder when 1048 is divided by 182.
138
Calculate the remainder when 429 is divided by 141.
6
What is the remainder when 242 is divided by 68?
38
Calculate the remainder when 518 is divided by 101.
13
Calculate the remainder when 141 is divided by 19.
8
What is the remainder when 213 is divided by 3?
0
Calculate the remainder when 3103 is divided by 134.
21
Calculate the remainder when 1840 is divided by 154.
146
Calculate the remainder when 176 is divided by 26.
20
Calculate the remainder when 606 is divided by 575.
31
Calculate the remainder when 249 is divided by 245.
4
What is the remainder when 194 is divided by 108?
86
What is the remainder when 168 is divided by 57?
54
Calculate the remainder when 968 is divided by 220.
88
What is the remainder when 904 is divided by 172?
44
What is the remainder when 76 is divided by 14?
6
Calculate the remainder when 334 is divided by 24.
22
Calculate the remainder when 2322 is divided by 213.
192
What is the remainder when 972 is divided by 49?
41
What is the remainder when 5205 is divided by 27?
21
What is the remainder when 615 is divided by 51?
3
Calculate the remainder when 11 is divided by 4.
3
Calculate the remainder when 212 is divided by 63.
23
Calculate the remainder when 105 is divided by 78.
27
Calculate the remainder when 206 is divided by 69.
68
What is the remainder when 352 is divided by 10?
2
Calculate the remainder when 270 is divided by 25.
20
Calculate the remainder when 257 is divided by 62.
9
Calculate the remainder when 68 is divided by 24.
20
What is the remainder when 194 is divided by 4?
2
Calculate the remainder when 269 is divided by 62.
21
What is the remainder when 141 is divided by 9?
6
What is the remainder when 2374 is divided by 70?
64
Calculate the remainder when 9006 is divided by 106.
102
Calculate the remainder when 8427 is divided by 10.
7
What is the remainder when 388 is divided by 10?
8
What is the remainder when 182 is divided by 26?
0
Calculate the remainder when 73 is divided by 50.
23
What is the remainder when 609 is divided by 189?
42
Calculate the remainder when 492 is divided by 107.
64
What is the remainder when 63 is divided by 59?
4
What is the remainder when 666 is divided by 67?
63
Calculate the remainder when 133 is divided by 35.
28
What is the remainder when 4324 is divided by 1438?
10
What is the remainder when 784 is divided by 199?
187
What is the remainder when 107 is divided by 23?
15
Calculate the remainder when 263 is divided by 256.
7
Calculate the remainder when 1003 is divided by 14.
9
What is the remainder when 168 is divided by 34?
32
Calculate the remainder when 297 is divided by 93.
18
Calculate the remainder when 3905 is divided by 18.
17
What is the remainder when 21251 is divided by 84?
83
What is the remainder when 131 is divided by 12?
11
What is the remainder when 3155 is divided by 3144?
11
What is the remainder when 52 is divided by 33?
19
Calculate the remainder when 335 is divided by 42.
41
What is the remainder when 733 is divided by 88?
29
Calculate the remainder when 267 is divided by 93.
81
What is the remainder when 35 is divided by 31?
4
What is the remainder when 2209 is divided by 65?
64
What is the remainder when 5031 is divided by 37?
36
What is the remainder when 32 is divided by 1?
0
What is the remainder when 253 is divided by 8?
5
Calculate the remainder when 2524 is divided by 628.
12
What is the remainder when 4389 is divided by 12?
9
Calculate the remainder when 21580 is divided by 76.
72
Calculate the remainder when 1741 is divided by 144.
13
What is the remainder when 815 is divided by 43?
41
What is the remainder when 210 is divided by 66?
12
What is the remainder when 502 is divided by 44?
18
Calculate the remainder when 1981 is divided by 50.
31
What is the remainder when 73 is divided by 17?
5
Calculate the remainder when 940 is divided by 4.
0
What is the remainder when 16 is divided by 4?
0
What is the remainder when 593 is divided by 85?
83
Calculate the remainder when 707 is divided by 19.
4
What is the remainder when 1129 is divided by 2?
1
Calculate the remainder when 353 is divided by 21.
17
Calculate the remainder when 17219 is divided by 60.
59
What is the remainder when 8270 is divided by 9?
8
Calculate the remainder when 3507 is divided by 39.
36
What is the remainder when 82 is divided by 15?
7
What is the remainder when 682 is divided by 85?
2
Calculate the remainder when 1082 is divided by 7.
4
What is the remainder when 2950 is divided by 8?
6
Calculate the remainder when 202 is divided by 66.
4
Calculate the remainder when 388 is divided by 202.
186
What is the remainder when 6370 is divided by 36?
34
Calculate the remainder when 774 is divided by 28.
18
What is the remainder when 536 is divided by 17?
9
Calculate the remainder when 1406 is divided by 41.
12
What is the remainder when 122 is divided by 36?
14
What is the remainder when 65 is divided by 23?
19
Calculate the remainder when 98 is divided by 21.
14
What is the remainder when 385 is divided by 58?
37
What is the remainder when 2333 is divided by 12?
5
What is the remainder when 1052 is divided by 3?
2
What is the remainder when 2049 is divided by 679?
12
Calculate the remainder when 51 is divided by 13.
12
What is the remainder when 138 is divided by 28?
26
What is the remainder when 3275 is divided by 39?
38
Calculate the remainder when 147 is divided by 5.
2
What is the remainder when 1159 is divided by 95?
19
What is the remainder when 148 is divided by 78?
70
Calculate th